What is -7412 (base 10) in base 15?
-22e2
Convert -14450 (base 7) to base 11.
-3010
3202133 (base 4) to base 2
11100010011111
What is 23223 (base 4) in base 6?
3243
Convert -4460 (base 9) to base 14.
-12b4
What is -6070 (base 11) in base 3?
-102001122
-4685 (base 9) to base 16
-d97
41 (base 14) to base 9
63
What is -351 (base 10) in base 14?
-1b1
Convert 3c9 (base 14) to base 11.
636
-2121032 (base 4) to base 2
-10011001001110
1110501 (base 6) to base 15
11874
What is -1114122 (base 5) in base 11?
-13a62
Convert 1111011010 (base 2) to base 13.
5ab
-1020102122 (base 3) to base 16
-5f33
-3912 (base 14) to base 7
-41122
Convert -1235400 (base 6) to base 9.
-112310
What is -214 (base 11) in base 12?
-195
14165 (base 7) to base 15
122e
-204d (base 14) to base 12
-3271
Convert -3b34 (base 13) to base 9.
-12576
What is 11314 (base 5) in base 7?
2301
What is 2172 (base 11) in base 13?
13c2
b930 (base 15) to base 9
58680
c0a (base 16) to base 13
1531
Convert -26514 (base 10) to base 14.
-993c
Convert 41098 (base 10) to base 16.
a08a
20110222 (base 3) to base 9
6428
What is 39 (base 11) in base 15?
2c
-169 (base 11) to base 2
-11000100
What is -4939 (base 13) in base 5?
-312412
What is 352 (base 11) in base 15?
1d0
321424 (base 6) to base 11
18836
What is 14553 (base 6) in base 10?
2373
What is 526 (base 8) in base 4?
11112
Convert -1021002020 (base 3) to base 5.
-1243341
What is -108aa (base 11) in base 13?
-720c
Convert 13423 (base 10) to base 16.
346f
Convert -535 (base 9) to base 4.
-12311
317 (base 8) to base 3
21200
-130032 (base 4) to base 9
-2426
What is -3441 (base 6) in base 3?
-1010021
824 (base 16) to base 10
2084
Convert 73a1 (base 12) to base 7.
51610
Convert a43 (base 11) to base 9.
1646
What is 128 (base 16) in base 7?
602
Convert 3267 (base 8) to base 14.
8ab
What is -99 (base 13) in base 12?
-a6
Convert -776 (base 8) to base 16.
-1fe
What is -498 (base 10) in base 14?
-278
What is -df54 (base 16) in base 14?
-16b9a
2001 (base 3) to base 10
55
192c9 (base 14) to base 2
1111100011000001
-509 (base 14) to base 3
-1100122
Convert -121124 (base 5) to base 3.
-20020010
Convert 12332 (base 7) to base 15.
e72
Convert 1049a (base 12) to base 10.
21430
-415 (base 12) to base 9
-728
1301 (base 6) to base 5
2300
What is 571 (base 11) in base 15?
308
Convert -17a8 (base 12) to base 9.
-3832
3911 (base 10) to base 7
14255
113022 (base 5) to base 11
3121
a4e2 (base 16) to base 5
2322320
Convert -5b4 (base 15) to base 10.
-1294
-4124421 (base 5) to base 10
-67486
19ca (base 15) to base 5
134330
Convert 5eb (base 16) to base 4.
113223
What is -66 (base 8) in base 15?
-39
-498 (base 10) to base 13
-2c4
Convert -112123 (base 4) to base 9.
-1864
Convert 10204 (base 5) to base 12.
487
What is b236 (base 12) in base 8?
45612
Convert -2b59 (base 13) to base 16.
-18b7
1504 (base 8) to base 6
3512
What is 4010 (base 6) in base 5?
11440
Convert 1021101 (base 3) to base 6.
4144
What is 1331 (base 4) in base 10?
125
Convert -1021000021 (base 3) to base 15.
-752d
Convert 100101010010001 (base 2) to base 11.
13384
Convert 218 (base 14) to base 11.
347
-6720 (base 10) to base 13
-309c
Convert 3203122 (base 4) to base 6.
151214
213020 (base 4) to base 2
100111001000
1011212101 (base 3) to base 11
164a9
What is 2549 (base 10) in base 11?
1a08
What is 1528 (base 14) in base 8?
7260
What is -2056 (base 14) in base 15?
-19ae
Convert 158 (base 15) to base 16.
134
-10001004 (base 5) to base 13
-29807
Convert -3572 (base 8) to base 5.
-30124
202134 (base 5) to base 11
4a0a
13442 (base 10) to base 11
a110
Convert -22470 (base 8) to base 4.
-2110320
What is -154221 (base 6) in base 16?
-3b65
Convert -159 (base 15) to base 9.
-373
Convert -1909 (base 11) to base 7.
-10040
What is -575 (base 14) in base 9?
-1433
What is 102013 (base 4) in base 9?
1527
-430 (base 13) to base 12
-4b7
13110 (base 4) to base 7
1236
What is -571a (base 11) in base 7?
-30635
-3311110 (base 4) to base 16
-3d54
21312302 (base 4) to base 10
40370
What is 1102101 (base 3) in base 11?
862
-4704 (base 13) to base 2
-10011011110111
901a (base 13) to base 11
13967
Convert -3034 (base 5) to base 3.
-112121
Convert -1121001 (base 3) to base 7.
-3250
What is 2322 (base 5) in base 11?
287
-104b9 (base 13) to base 10
-29389
What is 4503 (base 8) in base 5?
33441
What is 63e (base 15) in base 3?
1221012
-2d5 (base 14) to base 4
-21003
What is -3301 (base 4) in base 16?
-f1
What is -200111012 (base 3) in base 5?
-412403
Convert 516 (base 7) to base 2.
100000010
382 (base 15) to base 4
30131
What is -56259 (base 10) in base 9?
-85150
What is 10201212 (base 3) in base 11?
2056
What is -50cc (base 14) in base 4?
-3121030
-1010000011 (base 2) to base 5
-10033
Convert 6079 (base 13) to base 16.
33e2
27a (base 11) to base 2
101001001
-23132 (base 8) to base 7
-40424
Convert -101100011011 (base 2) to base 13.
-13a9
-10001010100010 (base 2) to base 8
-21242
What is 1110001110011010 (base 2) in base 10?
58266
1011001010111 (base 2) to base 9
7754
Convert -10959 (base 10) to base 13.
-4cb0
What is 4005 (base 8) in base 13?
c1c
-9849 (base 11) to base 2
-11001011001000
What is 90b (base 12) in base 9?
1712
-255 (base 8) to base 12
-125
What is -a66 (base 14) in base 15?
-91a
1004 (base 16) to base 8
10004
Convert -101201102 (base 3) to base 2.
-1111010000110
4012 (base 10) to base 5
112022
7c97 (base 13) to base 7
102053
Convert -3232 (base 7) to base 2.
-10001111110
1211200 (base 4) to base 6
50024
Convert -415 (base 8) to base 15.
-12e
-78 (base 15) to base 7
-221
What is -4521 (base 6) in base 4?
-100201
Convert 1886 (base 10) to base 13.
b21
Convert 19b (base 14) to base 2.
101001101
56 (base 10) to base 15
3b
Convert 54d0 (base 15) to base 14.
6798
What is 73aa (base 14) in base 13?
9104
Convert -1337 (base 15) to base 4.
-1000012
What is 1507 (base 11) in base 7?
5444
-111251 (base 7) to base 11
-13876
-103151 (base 6) to base 11
-641a
Convert 31323 (base 7) to base 13.
3681
600b (base 12) to base 4
2202023
5818 (base 11) to base 7
31165
-333 (base 11) to base 13
-249
332040 (base 5) to base 9
16720
What is 11011100000 (base 2) in base 3?
2102012
Convert a2 (base 14) to base 8.
216
What is 3011221 (base 4) in base 11?
955a
Convert -8c06 (base 14) to base 12.
-1209a
Convert 118062 (base 9) to base 8.
213512
What is -10110101010100 (base 2) in base 11?
-879a
3340 (base 5) to base 11
398
200000210 (base 3) to base 12
7733
-80754 (base 9) to base 16
-cf70
What is 20451 (base 7) in base 11?
3867
Convert -10022 (base 5) to base 13.
-3a0
What is 1203 (base 7) in base 9?
543
406 (base 9) to base 8
512
Convert 56145 (base 9) to base 11.
26030
What is -83224 (base 9) in base 2?
-1101011001001011
Convert 2041304 (base 5) to base 4.
20102202
1153 (base 7) to base 10
430
970 (base 15) to base 12
1296
-58a2 (base 14) to base 16
-3c46
What is -2a8 (base 15) in base 8?
-1140
Convert -1100000001100011 (base 2) to base 10.
-49251
139c (base 13) to base 8
5421
What is -2454 (base 6) in base 12?
-42a
-481b (base 13) to base 12
-5a70
What is 227 (base 11) in base 10?
271
33361 (base 11) to base 5
3021341
-330124 (base 5) to base 13
-51a5
-13414 (base 8) to base 5
-142100
-4545 (base 6) to base 13
-647
-1242 (base 6) to base 10
-314
What is 333124 (base 5) in base 15?
36c9
What is 113aa (base 11) in base 9?
24513
What is -762 (base 14) in base 8?
-2662
What is -2091 (base 10) in base 14?
-a95
-20221200 (base 3) to base 11
-3897
-11010 (base 2) to base 11
-24
What is -1431 (base 9) in base 7?
-3103
What is 1000111011111 (base 2) in base 15?
1550
-4b07 (base 15) to base 5
-1002412
What is 44270 (base 8) in base 14?
6ada
What is 1147 (base 10) in base 4?
101323
What is -10289 (base 12) in base 13?
-9804
Convert -17b1 (base 12) to base 7.
-11236
Convert -64644 (base 7) to base 15.
-4b89
What is -347 (base 13) in base 12?
-3b2
2823 (base 10) to base 14
1059
Convert -1102220 (base 3) to base 11.
-875
-685 (base 11) to base 10
-819
1212 (base 3) to base 13
3b
What is 4b (base 14) in base 9?
74
Convert -41d (base 14) to base 2.
-1100101011
345 (base 12) to base 2
111100101
What is 113000 (base 7) in base 15?
5ee2
What is -2e3 (base 16) in base 3?
-1000101
-156b (base 14) to base 6
-25403
-101000010100 (base 2) to base 11
-1a36
Convert -39a (bas